{"id":1267,"date":"2017-02-16T17:35:19","date_gmt":"2017-02-16T17:35:19","guid":{"rendered":"https:\/\/blogs.autodesk.com\/bimblog\/?page_id=1267"},"modified":"2021-10-06T17:24:43","modified_gmt":"2021-10-06T15:24:43","slug":"bim-standards","status":"publish","type":"page","link":"https:\/\/blogs.autodesk.com\/bimblog\/bim-standards\/","title":{"rendered":"BIM Standards"},"content":{"rendered":"<p>Im deutschsprachigen Raum existieren eine Reihe von lokalen Standards und Anpassungen f\u00fcr die Erstellung von BIM und CAD Daten f\u00fcr \u00f6ffentliche Auftraggeber. Auf dieser Seite finden Sie eine regelm\u00e4\u00dfig aktualisierte Link-Liste:<\/p>\n<h2 class=\"entry-header\"><strong>Lokale Anpassungen f\u00fcr\u00a0Revit<\/strong><\/h2>\n<h3><span style=\"text-decoration: underline\"><em>\u00d6ffentliche Vorlagedateien und Auftraggeberinformationsanforderungen:\u00a0<\/em><\/span><\/h3>\n<p><a href=\"http:\/\/www.cad-stelle.bayern.de\/?page_id=335\">Oberste Baubeh\u00f6rde Bayern<\/a><\/p>\n<p><a href=\"https:\/\/www.blb.nrw.de\/fileadmin\/Home\/Service\/Service_fuer_Auftragnehmer\/Standards_Erlasse_Regelungen\/BIM\/bim-richtlinie-blb-nrw.pdf\" target=\"_blank\" rel=\"noopener\">Bau- und Liegenschaftsbetrieb NRW<\/a><\/p>\n<p><a href=\"https:\/\/www.vbv-bw.de\/service\/planungshilfen?key=14-27&amp;cHash=35ca7cd301ccfc66e4d4d8b939a58345\" target=\"_blank\" rel=\"noopener\">Staatliche Verm\u00f6gens- und Hochbauverwaltung Baden- W\u00fcrttemberg<\/a><\/p>\n<p><a href=\"http:\/\/www.big.at\/dienstleistungen\/datenmanagement-cad\/cad-richtlinien\/\">Bundes- Immobiliengesellschaft \u00d6sterreich<\/a><\/p>\n<p><a href=\"https:\/\/www1.deutschebahn.com\/sus-infoplattform\/start\/Vorgaben-zur-Anwendung-der-BIM-Methodik\/Vorgaben_zu_Anwendung_der_BIM-Methodik-1788426\" target=\"_blank\" rel=\"noopener noreferrer\">Vorgaben BIM-Methodik der Deutschen Bahn<\/a><\/p>\n<p><a href=\"https:\/\/www.realestate.siemens.com\/hq\/downloads\/bim.pdf\">BIM @ Siemens Real Estate<\/a><\/p>\n<p><a href=\"https:\/\/new.siemens.com\/global\/de\/produkte\/gebaeude\/kontakt\/bim-objects.html\">Siemens Building Technologies<\/a><\/p>\n<h3><span style=\"text-decoration: underline\"><em>Zusatzwerkzeuge:<\/em><\/span><\/h3>\n<p>Das <strong>CAD- und BIM Standard Tool f\u00fcr Revit<\/strong> bietet Ihnen umfangreiche Einstellungsm\u00f6glichkeiten f\u00fcr den DWG Export und erm\u00f6glicht somit die Layerkonfiguration nach diversen Standards. Das Tool k\u00f6nnen Sie \u00fcber die folgenden Links herunterladen:<\/p>\n<ul>\n<li><a href=\"https:\/\/www.muigg.com\/RevitToDWG_Installer_2021_11_0_DEU.msi\" target=\"_blank\" rel=\"noopener\">Revit 2021<\/a><\/li>\n<li><a href=\"https:\/\/www.muigg.com\/RevitToDWG_Installer_2020_11_0_DEU.msi\" target=\"_blank\" rel=\"noopener\">Revit 2020<\/a><\/li>\n<li><a href=\"https:\/\/www.muigg.com\/RevitToDWG_Installer_2019_11_0_DEU.msi\" target=\"_blank\" rel=\"noopener\">Revit 2019<\/a><\/li>\n<li>F\u00fcr \u00e4ltere Versionen k\u00f6nnen Sie diese direkten Links nutzen: <a href=\"http:\/\/www.muigg.com\/RevitToDWGSetup_2017_DEU_V2.exe\">2017<\/a>,\u00a0<a href=\"http:\/\/www.muigg.com\/RevitToDWGSetup_2016_DEU_V14.exe\">2016<\/a>,\u00a0<a href=\"https:\/\/knowledge.autodesk.com\/sites\/default\/files\/file_downloads\/RVT_CAD_BIM_2015_DEU_1-0_0.exe\">2015<\/a><\/li>\n<\/ul>\n<p>Der Funktionsumfang ist in unserer <a href=\"https:\/\/knowledge.autodesk.com\/de\/search-result\/caas\/simplecontent\/content\/cad-und-bim-standardtool-f-C3-BCr-revit-2017-technische-information-bim.html\" target=\"_blank\" rel=\"noopener noreferrer\">Technischen Information zum CAD und BIM Standard Tool <\/a>n\u00e4her erl\u00e4utert.<\/p>\n<div class=\"entry-content\">\n<div class=\"entry-body\">\n<p>Mit dem <strong>Raumbuch, Fl\u00e4chenbuch, Geb\u00e4udebuch f\u00fcr Revit<\/strong> k\u00f6nnen Sie Fl\u00e4chenberechnungen nach der DIN277 bzw. Mengenberechnungen nach der VOB auf der Basis Ihres Revit Modells durchf\u00fchren. Das Werkzeug kann f\u00fcr die jeweilige Revit Version direkt <a href=\"http:\/\/manage.autodesk.com\">im Autodesk Account<\/a> bzw. \u00fcber die <a href=\"https:\/\/www.autodesk.com\/desktop-app\">Autodesk Desktop App<\/a> heruntergeladen werden.<\/p>\n<h3><strong>Allgemeine Leitf\u00e4den und Richtlinien<\/strong><\/h3>\n<p><a href=\"https:\/\/www.beuth.de\/de\/regelwerke\/vdi\/richtlinienreihe-vdi-2552\">Deutschland: VDI BIM-Richtlinienreihe 2552<\/a><\/p>\n<p><a href=\"https:\/\/shop.austrian-standards.at\/action\/de\/public\/details\/545935\/OENORM_A_6241-2_2015_07_01\">\u00d6sterreich: \u00d6NORM A6241-2<\/a><\/p>\n<p><a href=\"http:\/\/shop.sia.ch\/normenwerk\/architekt\/sia%202051\/D\/Product\">Schweiz: SIA 2051<\/a><\/p>\n<\/div>\n<div class=\"entry-body\">\n<p><a href=\"https:\/\/www.bmvi.de\/SharedDocs\/DE\/Publikationen\/DG\/stufenplan-digitales-bauen.pdf?__blob=publicationFile\">BMVI Stufenplan f\u00fcr Digitales Planen und Bauen<\/a><\/p>\n<p><a href=\"https:\/\/www.vbi.de\/fileadmin\/redaktion\/Dokumente\/Infopool\/Downloads\/VBI_BIM-Leitfaden_0916-final.pdf\">VBI BIM-Leitfaden f\u00fcr die Planerpraxis<\/a><\/p>\n<p><a href=\"https:\/\/www.bmvi.de\/SharedDocs\/DE\/Anlage\/DG\/Digitales\/bim-leitfaden-deu.html\">BIM Leitfaden f\u00fcr Deutschland<\/a><\/p>\n<\/div>\n<\/div>\n<p><a href=\"https:\/\/www.autodesk.de\/campaigns\/interoperability\/ifc-handbuch\">Autodesk Revit IFC Handbuch f\u00fcr effiziente Zusammenarbeit an openBIM Projekten<\/a><\/p>\n<p><a href=\"https:\/\/www.autodesk.de\/campaigns\/interoperability\/ifc-handbuch\"><img loading=\"lazy\" decoding=\"async\" class=\"aligncenter wp-image-4707 size-full\" src=\"https:\/\/blogs.autodesk.com\/bimblog\/wp-content\/uploads\/sites\/108\/2019\/05\/IFC-Handbuch.jpg\" alt=\"\" width=\"238\" height=\"212\" \/><\/a><\/p>\n<p><em>Letzte Aktualisierung: 21.5.2019<\/em><\/p>\n","protected":false},"excerpt":{"rendered":"<p>Im deutschsprachigen Raum existieren eine Reihe von lokalen Standards und Anpassungen f\u00fcr die Erstellung von BIM und CAD Daten f\u00fcr \u00f6ffentliche Auftraggeber. Auf dieser Seite finden Sie eine regelm\u00e4\u00dfig aktualisierte Link-Liste:<\/p>\n<p>Lokale Anpassungen f\u00fcr\u00a0Revit<br \/>\n<em>\u00d6ffentliche Vorlagedateien und Auftraggeberinformationsanforderungen:\u00a0<\/em><\/p>\n<p><a href=\"http:\/\/www.cad-stelle.bayern.de\/?page_id=335\">Oberste Baubeh\u00f6rde Bayern<\/a><\/p>\n<p><a href=\"https:\/\/www.blb.nrw.de\/fileadmin\/Home\/Service\/Service_fuer_Auftragnehmer\/Standards_Erlasse_Regelungen\/BIM\/bim-richtlinie-blb-nrw.pdf\" target=\"_blank\" rel=\"noopener\">Bau- und Liegenschaftsbetrieb NRW<\/a><\/p>\n<p><a href=\"https:\/\/www.vbv-bw.de\/service\/planungshilfen?key=14-27&amp;cHash=35ca7cd301ccfc66e4d4d8b939a58345\" target=\"_blank\" rel=\"noopener\">Staatliche Verm\u00f6gens- und Hochbauverwaltung Baden- W\u00fcrttemberg<\/a><\/p>\n<p><a href=\"http:\/\/www.big.at\/dienstleistungen\/datenmanagement-cad\/cad-richtlinien\/\">Bundes- Immobiliengesellschaft \u00d6sterreich<\/a><\/p>\n<p><a href=\"https:\/\/www1.deutschebahn.com\/sus-infoplattform\/start\/Vorgaben-zur-Anwendung-der-BIM-Methodik\/Vorgaben_zu_Anwendung_der_BIM-Methodik-1788426\" target=\"_blank\" rel=\"noopener noreferrer\">Vorgaben BIM-Methodik der Deutschen Bahn<\/a><\/p>\n<p><a href=\"https:\/\/www.realestate.siemens.com\/hq\/downloads\/bim.pdf\">BIM @ Siemens Real Estate<\/a><\/p>\n<p><a href=\"https:\/\/new.siemens.com\/global\/de\/produkte\/gebaeude\/kontakt\/bim-objects.html\">Siemens Building Technologies<\/a><\/p>\n<p><em>Zusatzwerkzeuge:<\/em><\/p>\n<p>Das CAD- und BIM Standard Tool f\u00fcr Revit bietet Ihnen umfangreiche Einstellungsm\u00f6glichkeiten f\u00fcr den DWG Export und erm\u00f6glicht somit die Layerkonfiguration nach diversen Standards.<\/p>\n","protected":false},"author":4685,"featured_media":0,"parent":0,"menu_order":0,"comment_status":"open","ping_status":"closed","template":"","meta":{"_acf_changed":false,"inline_featured_image":false,"footnotes":""},"class_list":["post-1267","page","type-page","status-publish","hentry"],"acf":[],"_links":{"self":[{"href":"https:\/\/blogs.autodesk.com\/bimblog\/wp-json\/wp\/v2\/pages\/1267","targetHints":{"allow":["GET"]}}],"collection":[{"href":"https:\/\/blogs.autodesk.com\/bimblog\/wp-json\/wp\/v2\/pages"}],"about":[{"href":"https:\/\/blogs.autodesk.com\/bimblog\/wp-json\/wp\/v2\/types\/page"}],"author":[{"embeddable":true,"href":"https:\/\/blogs.autodesk.com\/bimblog\/wp-json\/wp\/v2\/users\/4685"}],"replies":[{"embeddable":true,"href":"https:\/\/blogs.autodesk.com\/bimblog\/wp-json\/wp\/v2\/comments?post=1267"}],"version-history":[{"count":0,"href":"https:\/\/blogs.autodesk.com\/bimblog\/wp-json\/wp\/v2\/pages\/1267\/revisions"}],"wp:attachment":[{"href":"https:\/\/blogs.autodesk.com\/bimblog\/wp-json\/wp\/v2\/media?parent=1267"}],"curies":[{"name":"wp","href":"https:\/\/api.w.org\/{rel}","templated":true}]}}