{"id":3533,"date":"2017-08-12T19:12:38","date_gmt":"2017-08-12T19:12:38","guid":{"rendered":"https:\/\/blogs.autodesk.com\/bimblog\/?page_id=3533"},"modified":"2019-02-26T10:40:34","modified_gmt":"2019-02-26T09:40:34","slug":"visuelle-programmierung-mit-dynamo","status":"publish","type":"page","link":"https:\/\/blogs.autodesk.com\/bimblog\/visuelle-programmierung-mit-dynamo\/","title":{"rendered":"Visuelle Programmierung mit Dynamo"},"content":{"rendered":"<p>Dynamo ist ein Werkzeug f\u00fcr die visuelle Programmierung und ein fester Bestandteil von Revit. Es bietet Ihnen den direkten Zugriff auf alle Funktionen in der Revit API &#8211; auch ohne Programmierkenntnisse.<br \/>\nMit Hilfe von Dynamo k\u00f6nnen Sie komplexe Geometrien erzeugen, parametrische Systeme aufbauen, Berechnungen durchf\u00fchren oder sogar Daten mit externen Datenbanken bi-direktional synchronisieren.<\/p>\n<p><iframe loading=\"lazy\" title=\"Computational Design with Dynamo\" width=\"640\" height=\"360\" src=\"https:\/\/www.youtube.com\/embed\/h0Sk1w7xU4Q?feature=oembed\" frameborder=\"0\" allow=\"accelerometer; autoplay; clipboard-write; encrypted-media; gyroscope; picture-in-picture; web-share\" referrerpolicy=\"strict-origin-when-cross-origin\" allowfullscreen><\/iframe><\/p>\n<p>Sie lernen Dynamo am einfachsten\u00a0genauso wie eine neue Sprache oder ein Instrument: indem Sie es einsetzen und \u00fcben! Als Einstieg empfehlen wir Ihnen, sich einige Videotutorials anzusehen und dann m\u00f6glichst rasch mit eigenen praktischen Aufgaben loszulegen. Denken Sie immer daran, dass die besten Dynamo-Nutzer sind Architekten und Ingenieure sind &#8211; Sie brauchen keine Programmiererfahrung sondern viel mehr ein logisches Verst\u00e4ndnis und Geduld.<\/p>\n<h2>Videotutorials in\u00a0Deutsch<\/h2>\n<p><iframe loading=\"lazy\" title=\"Tutorial 1 - Erste Schritte mit Dynamo\" width=\"640\" height=\"360\" src=\"https:\/\/www.youtube.com\/embed\/fx0-xZjGYZM?feature=oembed\" frameborder=\"0\" allow=\"accelerometer; autoplay; clipboard-write; encrypted-media; gyroscope; picture-in-picture; web-share\" referrerpolicy=\"strict-origin-when-cross-origin\" allowfullscreen><\/iframe><\/p>\n<p><iframe loading=\"lazy\" title=\"Tutorial 2 - Einf\u00fchrung in Dynamo f\u00fcr Revit\" width=\"640\" height=\"360\" src=\"https:\/\/www.youtube.com\/embed\/6hTp8DMI2Ys?feature=oembed\" frameborder=\"0\" allow=\"accelerometer; autoplay; clipboard-write; encrypted-media; gyroscope; picture-in-picture; web-share\" referrerpolicy=\"strict-origin-when-cross-origin\" allowfullscreen><\/iframe><\/p>\n<p><iframe loading=\"lazy\" title=\"Tutorial 3 -  Listen in Dynamo\" width=\"640\" height=\"360\" src=\"https:\/\/www.youtube.com\/embed\/yoKk677EHQU?feature=oembed\" frameborder=\"0\" allow=\"accelerometer; autoplay; clipboard-write; encrypted-media; gyroscope; picture-in-picture; web-share\" referrerpolicy=\"strict-origin-when-cross-origin\" allowfullscreen><\/iframe><\/p>\n<p><iframe loading=\"lazy\" title=\"Tutorial 4  - Verschachtelte Listen in Dynamo\" width=\"640\" height=\"360\" src=\"https:\/\/www.youtube.com\/embed\/kyppibRN8cI?feature=oembed\" frameborder=\"0\" allow=\"accelerometer; autoplay; clipboard-write; encrypted-media; gyroscope; picture-in-picture; web-share\" referrerpolicy=\"strict-origin-when-cross-origin\" allowfullscreen><\/iframe><\/p>\n<p><iframe loading=\"lazy\" title=\"Tutorial 5  - Rechenlogik in Dynamo  Teil 1\" width=\"640\" height=\"360\" src=\"https:\/\/www.youtube.com\/embed\/ty3lzLs5lYQ?feature=oembed\" frameborder=\"0\" allow=\"accelerometer; autoplay; clipboard-write; encrypted-media; gyroscope; picture-in-picture; web-share\" referrerpolicy=\"strict-origin-when-cross-origin\" allowfullscreen><\/iframe><\/p>\n<p><iframe loading=\"lazy\" title=\"Tutorial 6 - St\u00fctzenimport aus Civil 3D\" width=\"640\" height=\"360\" src=\"https:\/\/www.youtube.com\/embed\/Hx1gKyEClR4?feature=oembed\" frameborder=\"0\" allow=\"accelerometer; autoplay; clipboard-write; encrypted-media; gyroscope; picture-in-picture; web-share\" referrerpolicy=\"strict-origin-when-cross-origin\" allowfullscreen><\/iframe><\/p>\n<h2 class=\"entry-body\">Offizielle Ressourcen (in Englisch)<\/h2>\n<div class=\"entry-body\">\n<p><a href=\"http:\/\/dynamobim.org\/\" target=\"_blank\" rel=\"noopener\">http:\/\/dynamobim.org\/<\/a><br \/>\nDie offizielle Dynamo-Seite mit zahlreichen Lernvideos, Blog und Community Forum, in dem Sie auch selbst Fragen stellen k\u00f6nnen und i.d.R. auch schnell eine Antwort erhalten.<\/p>\n<p><a href=\"http:\/\/dynamoprimer.com\/\" target=\"_self\">http:\/\/dynamoprimer.com\/<\/a><br \/>\nDer Dynamo Primer ist ein digitales Handbuch zu Dynamo, das Ihnen den Einstieg erleichtert und die Grundlagen anschaulich und einfach erkl\u00e4rt.<\/p>\n<\/div>\n<div class=\"entry-more\">\n<p><a href=\"http:\/\/dynamobim.org\/wp-content\/uploads\/forum-assets\/colin-mccroneautodesk-com\/07\/10\/Dynamo_language_guide_version_1.pdf\" target=\"_blank\" rel=\"noopener\">Dynamo Language Guide<\/a>\u00a0(PDF)<br \/>\nAusf\u00fchrliches Handbuch zur Dynamo Skriptsprache, die aus dem DesignScript entwickelt wurde und welches Sie direkt in den \u201eCode Blocks\u201c verwenden k\u00f6nnen.<\/p>\n<p><a href=\"http:\/\/store.cadlearning.com\/collections\/dynamo\/products\/cadlearning-for-dynamo\" target=\"_blank\" rel=\"noopener\">CADlearning Videotraining<\/a><br \/>\n3-st\u00fcndiger Videokurs f\u00fcr Dynamo-Einsteiger<\/p>\n<\/div>\n<h2>Deutschsprachige Blogs<\/h2>\n<p><a href=\"https:\/\/revit-dynamo-bim.com\/\">https:\/\/revit-dynamo-bim.com\/<\/a><br \/>\nBlog von Oliver Langwich, langj\u00e4hrigem Revit-Experten und neuerdings auch Dynamo-Fan<\/p>\n<p><a href=\"http:\/\/blog.nupis.de\/tag\/dynamo\/\" target=\"_blank\" rel=\"noopener\">http:\/\/blog.nupis.de\/<\/a><br \/>\nder Autodesk-Partner N+P\u00a0ver\u00f6ffentlicht regelm\u00e4\u00dfig Tutorials und Skripte zum Thema Dynamo<\/p>\n<div class=\"entry-more\">\n<h2><strong>Englischsprachige\u00a0Blogs<\/strong><\/h2>\n<p><a href=\"http:\/\/buildz.blogspot.com\/\" target=\"_blank\" rel=\"noopener\">http:\/\/buildz.blogspot.com<br \/>\n<\/a>gef\u00fchrt vom \u201eDynamo-Erfinder\u201c Zach Kron mit vielen interessanten Beispielen und Tutorials. Sehr zu empfehlen v.a. wenn Sie Dynamo in Verbindung mit den Adaptiven Komponenten in Revit nutzen m\u00f6chten.<\/p>\n<p><a href=\"http:\/\/vasshaug.net\/\" target=\"_blank\" rel=\"noopener\">http:\/\/vasshaug.net\/<\/a><br \/>\ngef\u00fchrt von\u00a0H\u00e5vard Vasshaug, einem in der Dynamo Community bekannten Experten, der regelm\u00e4\u00dfig Vortr\u00e4ge auf diversen Veranstaltungen (RTC, AU) h\u00e4lt. Unter dem Men\u00fcpunkt \u201eWorkshops\u201c finden Sie zahlreiche Videos und Handouts der vergangenen Vortr\u00e4ge.<\/p>\n<p><a href=\"http:\/\/therevitcomplex.blogspot.de\/\" target=\"_blank\" rel=\"noopener\">http:\/\/therevitcomplex.blogspot.de\/<\/a><br \/>\ngef\u00fchrt von Marcello Sgambelluri, einem versierten Revit-User mit vielen grundlegenden Tutorials, die sich besonders f\u00fcr Anf\u00e4nger sehr gut eignen.<\/p>\n<p><a href=\"http:\/\/archi-lab.net\/\" target=\"_blank\" rel=\"noopener\">http:\/\/archi-lab.net\/<\/a><br \/>\ngef\u00fchrt von Konrad Sobon, der bei Grimshaw Architects arbeitet und sich viel auch mit komplexen Dynamo Themen sowie Datenaustausch \u00fcber Dynamo (Grasshopper, Excel) besch\u00e4ftigt.<\/p>\n<p><a href=\"https:\/\/aecuandme.wordpress.com\/\" target=\"_blank\" rel=\"noopener\">https:\/\/aecuandme.wordpress.com\/<\/a><br \/>\ngef\u00fchrt von Julien Benoit, der ebenfalls als Vortragender von diversen Veranstaltungen wie RTC und AU bekannt ist. Julien besch\u00e4ftigt sich viel mit dem Automatisierung diverser Abl\u00e4ufe mit Hilfe von Dynamo und bietet ebenfalls zahlreiche Handouts und Videotutorials auf seinem Blog an.<\/p>\n<p><a href=\"https:\/\/revitbeyondbim.wordpress.com\/\" target=\"_blank\" rel=\"noopener\">https:\/\/revitbeyondbim.wordpress.com\/<\/a><br \/>\ngef\u00fchrt von Dieter Vermeulen, unserem Kollegen aus Belgien, der viel \u00fcber den Einsatz von Dynamo im Ingenieurbau berichtet.<\/p>\n<\/div>\n<div class=\"entry-more\"><\/div>\n","protected":false},"excerpt":{"rendered":"<p>Dynamo ist ein Werkzeug f\u00fcr die visuelle Programmierung und ein fester Bestandteil von Revit. Es bietet Ihnen den direkten Zugriff auf alle Funktionen in der Revit API &#8211; auch ohne Programmierkenntnisse.<br \/>\nMit Hilfe von Dynamo k\u00f6nnen Sie komplexe Geometrien erzeugen, parametrische Systeme aufbauen, Berechnungen durchf\u00fchren oder sogar Daten mit externen Datenbanken bi-direktional synchronisieren.<\/p>\n","protected":false},"author":4680,"featured_media":0,"parent":0,"menu_order":0,"comment_status":"closed","ping_status":"closed","template":"","meta":{"_acf_changed":false,"inline_featured_image":false,"footnotes":""},"class_list":["post-3533","page","type-page","status-publish","hentry"],"acf":[],"_links":{"self":[{"href":"https:\/\/blogs.autodesk.com\/bimblog\/wp-json\/wp\/v2\/pages\/3533","targetHints":{"allow":["GET"]}}],"collection":[{"href":"https:\/\/blogs.autodesk.com\/bimblog\/wp-json\/wp\/v2\/pages"}],"about":[{"href":"https:\/\/blogs.autodesk.com\/bimblog\/wp-json\/wp\/v2\/types\/page"}],"author":[{"embeddable":true,"href":"https:\/\/blogs.autodesk.com\/bimblog\/wp-json\/wp\/v2\/users\/4680"}],"replies":[{"embeddable":true,"href":"https:\/\/blogs.autodesk.com\/bimblog\/wp-json\/wp\/v2\/comments?post=3533"}],"version-history":[{"count":0,"href":"https:\/\/blogs.autodesk.com\/bimblog\/wp-json\/wp\/v2\/pages\/3533\/revisions"}],"wp:attachment":[{"href":"https:\/\/blogs.autodesk.com\/bimblog\/wp-json\/wp\/v2\/media?parent=3533"}],"curies":[{"name":"wp","href":"https:\/\/api.w.org\/{rel}","templated":true}]}}