{"id":3959,"date":"2018-03-22T11:02:03","date_gmt":"2018-03-22T10:02:03","guid":{"rendered":"https:\/\/blogs.autodesk.com\/bimblog\/?page_id=3959"},"modified":"2018-04-11T19:05:38","modified_gmt":"2018-04-11T17:05:38","slug":"gebaudetechnik","status":"publish","type":"page","link":"https:\/\/blogs.autodesk.com\/bimblog\/bibliothek\/gebaudetechnik\/","title":{"rendered":"Geb\u00e4udetechnik"},"content":{"rendered":"<p>Im Bereich der TGA war der Anspruch eine Familienbibliothek mit Revit zu liefern, welche f\u00fcr eine klassische Planungsleistung eines TGA-Ingenieurb\u00fcros einen soliden Grundstock bildet. Deshalb wurden 755 Bauteilfamilien und 22 Beschriftungsfamilien \u00fcberarbeitet bzw. neu erstellt.<\/p>\n<p>Bestandteil der \u00dcberarbeitung sind die Standards f\u00fcr die Darstellung in verschiedenen Detaillierungsgraden inkl. der DIN EN Normsymbole.<\/p>\n<p><img loading=\"lazy\" decoding=\"async\" class=\"alignnone size-full wp-image-4134\" src=\"https:\/\/blogs.autodesk.com\/bimblog\/wp-content\/uploads\/sites\/108\/2018\/04\/Picture2.png\" alt=\"\" width=\"277\" height=\"199\" \/>\u00a0<img loading=\"lazy\" decoding=\"async\" class=\"alignnone size-full wp-image-4136\" src=\"https:\/\/blogs.autodesk.com\/bimblog\/wp-content\/uploads\/sites\/108\/2018\/04\/Picture1-1.png\" alt=\"\" width=\"197\" height=\"185\" \/><\/p>\n<p>Um das Auffinden der passenden Familien zu erleichtern wurde die Ordnerstruktur ebenfalls angepasst. Alle Familien sind jetzt in Ordnern <em>Geb\u00e4udetechnik &#8211; &#8220;XYZ&#8221; <\/em>zu finden. Die Unterteilung wurde in Anlehnung an die Kostengruppen der DIN 276 realisiert. So finden Sie dort\u00a0<strong>Geb\u00e4udetechnik &#8211; Gas, Heizung, K\u00e4lte, L\u00fcftung, Rohr, Sanit\u00e4r, Schwachstrom, Starkstrom.<\/strong><\/p>\n<p>F\u00fcr einen schnellen \u00dcberblick aller Familien gibt es die BIM-Bibliotheksdateien, welche Gewerkespezifisch die Familien und ihre verf\u00fcgbaren Typen zeigen. Hier als Beispiel ein Ausschnitt aus der Sanit\u00e4rbibliothek:<\/p>\n<p><img loading=\"lazy\" decoding=\"async\" class=\"alignnone size-full wp-image-4137\" src=\"https:\/\/blogs.autodesk.com\/bimblog\/wp-content\/uploads\/sites\/108\/2018\/04\/Picture3-1.jpg\" alt=\"\" width=\"593\" height=\"292\" srcset=\"https:\/\/blogs.autodesk.com\/bimblog\/wp-content\/uploads\/sites\/108\/2018\/04\/Picture3-1.jpg 593w, https:\/\/blogs.autodesk.com\/bimblog\/wp-content\/uploads\/sites\/108\/2018\/04\/Picture3-1-300x148.jpg 300w\" sizes=\"auto, (max-width: 593px) 100vw, 593px\" \/><\/p>\n<p>F\u00fcr einen tieferen Einblick, sehen Sie sich auch unser Webinar 17 auf der <a href=\"https:\/\/www.autodesk.de\/campaigns\/aec-webinar\/webinar-on-demand\">AEC Webinar on Demand Seite<\/a> an.<\/p>\n<p>Zur\u00fcck zur \u00dcbersicht:\u00a0<a href=\"https:\/\/blogs.autodesk.com\/bimblog\/bibliothek\/\">&#8220;Revit BIM Bibliothek D-A-CH&#8221;<\/a><\/p>\n","protected":false},"excerpt":{"rendered":"<p>Im Bereich der TGA war der Anspruch eine Familienbibliothek mit Revit zu liefern, welche f\u00fcr eine klassische Planungsleistung eines TGA-Ingenieurb\u00fcros einen soliden Grundstock bildet. Deshalb wurden 755 Bauteilfamilien und 22 Beschriftungsfamilien \u00fcberarbeitet bzw. neu erstellt.<\/p>\n<p>Bestandteil der \u00dcberarbeitung sind die Standards f\u00fcr die Darstellung in verschiedenen Detaillierungsgraden inkl.<\/p>\n","protected":false},"author":4685,"featured_media":4050,"parent":4000,"menu_order":0,"comment_status":"closed","ping_status":"closed","template":"","meta":{"_acf_changed":false,"inline_featured_image":false,"footnotes":""},"class_list":["post-3959","page","type-page","status-publish","has-post-thumbnail","hentry"],"acf":[],"_links":{"self":[{"href":"https:\/\/blogs.autodesk.com\/bimblog\/wp-json\/wp\/v2\/pages\/3959","targetHints":{"allow":["GET"]}}],"collection":[{"href":"https:\/\/blogs.autodesk.com\/bimblog\/wp-json\/wp\/v2\/pages"}],"about":[{"href":"https:\/\/blogs.autodesk.com\/bimblog\/wp-json\/wp\/v2\/types\/page"}],"author":[{"embeddable":true,"href":"https:\/\/blogs.autodesk.com\/bimblog\/wp-json\/wp\/v2\/users\/4685"}],"replies":[{"embeddable":true,"href":"https:\/\/blogs.autodesk.com\/bimblog\/wp-json\/wp\/v2\/comments?post=3959"}],"version-history":[{"count":0,"href":"https:\/\/blogs.autodesk.com\/bimblog\/wp-json\/wp\/v2\/pages\/3959\/revisions"}],"up":[{"embeddable":true,"href":"https:\/\/blogs.autodesk.com\/bimblog\/wp-json\/wp\/v2\/pages\/4000"}],"wp:featuredmedia":[{"embeddable":true,"href":"https:\/\/blogs.autodesk.com\/bimblog\/wp-json\/wp\/v2\/media\/4050"}],"wp:attachment":[{"href":"https:\/\/blogs.autodesk.com\/bimblog\/wp-json\/wp\/v2\/media?parent=3959"}],"curies":[{"name":"wp","href":"https:\/\/api.w.org\/{rel}","templated":true}]}}